{"id":17545,"date":"2021-03-20T15:54:53","date_gmt":"2021-03-20T18:54:53","guid":{"rendered":"http:\/\/pedroejulia.com.br\/?post_type=product&#038;p=17545"},"modified":"2023-11-01T17:02:44","modified_gmt":"2023-11-01T20:02:44","slug":"caixa-de-incendio","status":"publish","type":"product","link":"http:\/\/pedroejulia.com.br\/?product=caixa-de-incendio","title":{"rendered":"Caixa de Inc\u00eandio"},"content":{"rendered":"<h2><b>Fun\u00e7\u00e3o<\/b><\/h2>\n<p>Abrigo de mangueiras e acabamentos.\u00a0Utilizada tanto no setor comercial, industrial e residencial.<\/p>\n<h2><b>Unidades de Medidas<\/b><\/h2>\n<p>70 x 50 x 25<span class=\"Apple-converted-space\">\u00a0<\/span><\/p>\n","protected":false},"excerpt":{"rendered":"<p>Abrigo de mangueiras e acabamentos.<\/p>\n","protected":false},"featured_media":17761,"comment_status":"open","ping_status":"closed","template":"","meta":[],"class_list":{"0":"post-17545","1":"product","2":"type-product","3":"status-publish","4":"has-post-thumbnail","6":"product_cat-sistemas-de-hidrantes","7":"product_cat-incendio","9":"first","10":"instock","11":"shipping-taxable","12":"product-type-simple"},"_links":{"self":[{"href":"http:\/\/pedroejulia.com.br\/index.php?rest_route=\/wp\/v2\/product\/17545","targetHints":{"allow":["GET"]}}],"collection":[{"href":"http:\/\/pedroejulia.com.br\/index.php?rest_route=\/wp\/v2\/product"}],"about":[{"href":"http:\/\/pedroejulia.com.br\/index.php?rest_route=\/wp\/v2\/types\/product"}],"replies":[{"embeddable":true,"href":"http:\/\/pedroejulia.com.br\/index.php?rest_route=%2Fwp%2Fv2%2Fcomments&post=17545"}],"wp:featuredmedia":[{"embeddable":true,"href":"http:\/\/pedroejulia.com.br\/index.php?rest_route=\/wp\/v2\/media\/17761"}],"wp:attachment":[{"href":"http:\/\/pedroejulia.com.br\/index.php?rest_route=%2Fwp%2Fv2%2Fmedia&parent=17545"}],"curies":[{"name":"wp","href":"https:\/\/api.w.org\/{rel}","templated":true}]}}