{"id":17573,"date":"2021-03-20T16:30:12","date_gmt":"2021-03-20T19:30:12","guid":{"rendered":"http:\/\/pedroejulia.com.br\/?post_type=product&#038;p=17573"},"modified":"2025-04-08T19:10:31","modified_gmt":"2025-04-08T22:10:31","slug":"solda","status":"publish","type":"product","link":"http:\/\/pedroejulia.com.br\/?product=solda","title":{"rendered":"Solda"},"content":{"rendered":"<h2><b>Fun\u00e7\u00e3o<\/b><\/h2>\n<p>Material utilizado para soldar extremidades.\u00a0Muito utilizadas para tubula\u00e7\u00f5es e conex\u00f5es externas.<\/p>\n<h2><b>Instala\u00e7\u00e3o<\/b><\/h2>\n<p>Solda<\/p>\n<h2><b>Varia\u00e7\u00f5es<span class=\"Apple-converted-space\">\u00a0<\/span><\/b><\/h2>\n<p>50 x 50 , ELUMA, Prata Foscopper<\/p>\n","protected":false},"excerpt":{"rendered":"<p>Material utilizado para soldar extremidades.<\/p>\n","protected":false},"featured_media":17834,"comment_status":"open","ping_status":"closed","template":"","meta":[],"class_list":{"0":"post-17573","1":"product","2":"type-product","3":"status-publish","4":"has-post-thumbnail","6":"product_cat-acessorios","8":"first","9":"instock","10":"shipping-taxable","11":"product-type-simple"},"_links":{"self":[{"href":"http:\/\/pedroejulia.com.br\/index.php?rest_route=\/wp\/v2\/product\/17573","targetHints":{"allow":["GET"]}}],"collection":[{"href":"http:\/\/pedroejulia.com.br\/index.php?rest_route=\/wp\/v2\/product"}],"about":[{"href":"http:\/\/pedroejulia.com.br\/index.php?rest_route=\/wp\/v2\/types\/product"}],"replies":[{"embeddable":true,"href":"http:\/\/pedroejulia.com.br\/index.php?rest_route=%2Fwp%2Fv2%2Fcomments&post=17573"}],"wp:featuredmedia":[{"embeddable":true,"href":"http:\/\/pedroejulia.com.br\/index.php?rest_route=\/wp\/v2\/media\/17834"}],"wp:attachment":[{"href":"http:\/\/pedroejulia.com.br\/index.php?rest_route=%2Fwp%2Fv2%2Fmedia&parent=17573"}],"curies":[{"name":"wp","href":"https:\/\/api.w.org\/{rel}","templated":true}]}}