{"id":17603,"date":"2021-03-21T06:05:44","date_gmt":"2021-03-21T09:05:44","guid":{"rendered":"http:\/\/pedroejulia.com.br\/?post_type=product&#038;p=17603"},"modified":"2026-03-22T03:02:41","modified_gmt":"2026-03-22T06:02:41","slug":"tubo-de-aco-preto-5580l","status":"publish","type":"product","link":"http:\/\/pedroejulia.com.br\/?product=tubo-de-aco-preto-5580l","title":{"rendered":"Tubo de A\u00e7o Preto 5580L"},"content":{"rendered":"<h2><b>Fun\u00e7\u00e3o<\/b><\/h2>\n<p>Passagem de \u00e1gua.\u00a0Mais usado na rede de inc\u00eandio.<\/p>\n<h2><b>Unidades de Medidas<\/b><\/h2>\n<p>1&#8221;, 1.1\/4&#8221;, 1.1\/2&#8221;, 2&#8221;, 2.1\/2&#8221;, 3&#8221;, 4&#8221; &#8211; Comprimento: 6 METROS<\/p>\n<h2><b>Instala\u00e7\u00e3o<\/b><\/h2>\n<p>Solda\/Rosca<\/p>\n","protected":false},"excerpt":{"rendered":"<p>Mais usado na rede de inc\u00eandio.<\/p>\n","protected":false},"featured_media":17845,"comment_status":"open","ping_status":"closed","template":"","meta":[],"class_list":{"0":"post-17603","1":"product","2":"type-product","3":"status-publish","4":"has-post-thumbnail","6":"product_cat-aco-carbono-preto","7":"product_cat-aco-carbono-preto-tubos-incendio","8":"product_cat-tubos-incendio","9":"product_cat-tubos","10":"product_cat-incendio","11":"product_cat-gas","13":"first","14":"instock","15":"shipping-taxable","16":"product-type-simple"},"_links":{"self":[{"href":"http:\/\/pedroejulia.com.br\/index.php?rest_route=\/wp\/v2\/product\/17603","targetHints":{"allow":["GET"]}}],"collection":[{"href":"http:\/\/pedroejulia.com.br\/index.php?rest_route=\/wp\/v2\/product"}],"about":[{"href":"http:\/\/pedroejulia.com.br\/index.php?rest_route=\/wp\/v2\/types\/product"}],"replies":[{"embeddable":true,"href":"http:\/\/pedroejulia.com.br\/index.php?rest_route=%2Fwp%2Fv2%2Fcomments&post=17603"}],"wp:featuredmedia":[{"embeddable":true,"href":"http:\/\/pedroejulia.com.br\/index.php?rest_route=\/wp\/v2\/media\/17845"}],"wp:attachment":[{"href":"http:\/\/pedroejulia.com.br\/index.php?rest_route=%2Fwp%2Fv2%2Fmedia&parent=17603"}],"curies":[{"name":"wp","href":"https:\/\/api.w.org\/{rel}","templated":true}]}}