{"id":17649,"date":"2021-03-21T07:33:24","date_gmt":"2021-03-21T10:33:24","guid":{"rendered":"http:\/\/pedroejulia.com.br\/?post_type=product&#038;p=17649"},"modified":"2023-10-20T23:15:24","modified_gmt":"2023-10-21T02:15:24","slug":"luva-de-reducao-galvanizado-ou-preto","status":"publish","type":"product","link":"http:\/\/pedroejulia.com.br\/?product=luva-de-reducao-galvanizado-ou-preto","title":{"rendered":"Luva de Redu\u00e7\u00e3o (Galvanizado ou Preto)"},"content":{"rendered":"<h2><b>Fun\u00e7\u00e3o<\/b><\/h2>\n<p>Unir as jun\u00e7\u00f5es.<\/p>\n<h2><b>Unidades de Medidas<\/b><\/h2>\n<p><span class=\"Apple-converted-space\">\u00a0<\/span>1 x 1\/2, 1 x 3\/4, 1.1\/2 x 1, 1.1\/2 x 1.1\/4, 1.1\/2 x 3\/4, 1.1\/4 x 1, 1.1\/4 x 1\/2, 1.1\/4 x 3\/4, 1\/2 x 1\/4, 1\/2 x 3\/8, 2 x 1, 2 x 1.1\/2, 2 x 1.1\/4, 2.1\/2 x 1.1\/2 x 2.1\/2 x 1.1\/4, 2.1\/2 x 2, 3 x 1.1\/2, 3 x 2, 3 x 2.1\/2, 3\/4 x 1\/2, 3\/4 x 3\/8, 3\/8 x 1\/4, 4 x 2, 4 x 2.1\/2, 4 x 3<span class=\"Apple-converted-space\">\u00a0 \u00a0 \u00a0<\/span><\/p>\n<h2><b>Instala\u00e7\u00e3o<\/b><\/h2>\n<p>Solda \/ Rosca<\/p>\n<h2>Varia\u00e7\u00e3o<\/h2>\n<p>150 LBS \/ 300LBS<\/p>\n<p>&nbsp;<\/p>\n","protected":false},"excerpt":{"rendered":"<p>Unir as jun\u00e7\u00f5es.<\/p>\n","protected":false},"featured_media":17797,"comment_status":"open","ping_status":"closed","template":"","meta":[],"class_list":{"0":"post-17649","1":"product","2":"type-product","3":"status-publish","4":"has-post-thumbnail","6":"product_cat-conexoes-incendio","7":"product_cat-conexoes","8":"product_cat-rosca","9":"product_cat-rosca-conexoes-incendio","10":"product_cat-incendio","11":"product_cat-gas","13":"first","14":"instock","15":"shipping-taxable","16":"product-type-simple"},"_links":{"self":[{"href":"http:\/\/pedroejulia.com.br\/index.php?rest_route=\/wp\/v2\/product\/17649","targetHints":{"allow":["GET"]}}],"collection":[{"href":"http:\/\/pedroejulia.com.br\/index.php?rest_route=\/wp\/v2\/product"}],"about":[{"href":"http:\/\/pedroejulia.com.br\/index.php?rest_route=\/wp\/v2\/types\/product"}],"replies":[{"embeddable":true,"href":"http:\/\/pedroejulia.com.br\/index.php?rest_route=%2Fwp%2Fv2%2Fcomments&post=17649"}],"wp:featuredmedia":[{"embeddable":true,"href":"http:\/\/pedroejulia.com.br\/index.php?rest_route=\/wp\/v2\/media\/17797"}],"wp:attachment":[{"href":"http:\/\/pedroejulia.com.br\/index.php?rest_route=%2Fwp%2Fv2%2Fmedia&parent=17649"}],"curies":[{"name":"wp","href":"https:\/\/api.w.org\/{rel}","templated":true}]}}