{"id":17660,"date":"2021-03-21T09:16:11","date_gmt":"2021-03-21T12:16:11","guid":{"rendered":"http:\/\/pedroejulia.com.br\/?post_type=product&#038;p=17660"},"modified":"2023-11-01T16:37:15","modified_gmt":"2023-11-01T19:37:15","slug":"reducao-concentrica","status":"publish","type":"product","link":"http:\/\/pedroejulia.com.br\/?product=reducao-concentrica","title":{"rendered":"Redu\u00e7\u00e3o Conc\u00eantrica"},"content":{"rendered":"<h2><b>Fun\u00e7\u00e3o<\/b><\/h2>\n<p>Une, conecta duas extremidades que possuem tamanho\/dimens\u00f5es e bitolas diferentes.<\/p>\n<h2><b>Unidades de Medidas<\/b><\/h2>\n<p>1 x 1\/2, 1 x 3\/4, 1.1\/2 x 1, 1.1\/2 x 1.1\/4, 1.1\/2 x 1\/2, 2 x 1, 2 x 1.1\/2, 2 x 1.1\/4, 2 x 3\/4, 2.1\/2 x 1.1\/2, 2.1\/2 x 1.1\/4, 2.1\/2 x 2, 2.1\/2 x 1, 3 x 1.1\/2, 3 x 2, 3 x 2.1\/2, 3\/4 x 1\/2, 4 x 1, 4 x 1.1\/2, 4 x 3, 6 x 2, 6 x 2.1\/2, 6 x 3, 6 x 4, 6 x 5, 8 x 3, 8 x 6, 10 x 6, 10 x 8<\/p>\n<h2><b>Instala\u00e7\u00e3o<\/b><\/h2>\n<p>Rosca<\/p>\n","protected":false},"excerpt":{"rendered":"<p>Une, conecta duas extremidades que possuem tamanho\/dimens\u00f5es e bitolas diferentes.<\/p>\n","protected":false},"featured_media":17816,"comment_status":"open","ping_status":"closed","template":"","meta":[],"class_list":{"0":"post-17660","1":"product","2":"type-product","3":"status-publish","4":"has-post-thumbnail","6":"product_cat-conexoes-incendio","7":"product_cat-solda-conexoes-incendio","8":"product_cat-solda","9":"product_cat-incendio","10":"product_cat-gas","12":"first","13":"instock","14":"shipping-taxable","15":"product-type-simple"},"_links":{"self":[{"href":"http:\/\/pedroejulia.com.br\/index.php?rest_route=\/wp\/v2\/product\/17660","targetHints":{"allow":["GET"]}}],"collection":[{"href":"http:\/\/pedroejulia.com.br\/index.php?rest_route=\/wp\/v2\/product"}],"about":[{"href":"http:\/\/pedroejulia.com.br\/index.php?rest_route=\/wp\/v2\/types\/product"}],"replies":[{"embeddable":true,"href":"http:\/\/pedroejulia.com.br\/index.php?rest_route=%2Fwp%2Fv2%2Fcomments&post=17660"}],"wp:featuredmedia":[{"embeddable":true,"href":"http:\/\/pedroejulia.com.br\/index.php?rest_route=\/wp\/v2\/media\/17816"}],"wp:attachment":[{"href":"http:\/\/pedroejulia.com.br\/index.php?rest_route=%2Fwp%2Fv2%2Fmedia&parent=17660"}],"curies":[{"name":"wp","href":"https:\/\/api.w.org\/{rel}","templated":true}]}}