{"id":17822,"date":"2021-04-16T11:33:09","date_gmt":"2021-04-16T14:33:09","guid":{"rendered":"http:\/\/pedroejulia.com.br\/?post_type=product&#038;p=17822"},"modified":"2023-10-20T22:45:42","modified_gmt":"2023-10-21T01:45:42","slug":"mangueira","status":"publish","type":"product","link":"http:\/\/pedroejulia.com.br\/?product=mangueira","title":{"rendered":"Mangueira"},"content":{"rendered":"<h2><b>Fun\u00e7\u00e3o<\/b><\/h2>\n<p>Meio de transporte e canaliza\u00e7\u00e3o de \u00e1gua<\/p>\n<h2><b>Unidades de Medidas<\/b><\/h2>\n<p>1.1\/2 x 15M , 2.1\/2 x 15M<\/p>\n","protected":false},"excerpt":{"rendered":"<p>Material resistente e duradouro, para evitar furos e vazamentos<span class=\"Apple-converted-space\">\u00a0<\/span><\/p>\n","protected":false},"featured_media":17823,"comment_status":"open","ping_status":"closed","template":"","meta":[],"class_list":{"0":"post-17822","1":"product","2":"type-product","3":"status-publish","4":"has-post-thumbnail","6":"product_cat-sistemas-de-hidrantes","7":"product_cat-incendio","9":"first","10":"instock","11":"shipping-taxable","12":"product-type-simple"},"_links":{"self":[{"href":"http:\/\/pedroejulia.com.br\/index.php?rest_route=\/wp\/v2\/product\/17822","targetHints":{"allow":["GET"]}}],"collection":[{"href":"http:\/\/pedroejulia.com.br\/index.php?rest_route=\/wp\/v2\/product"}],"about":[{"href":"http:\/\/pedroejulia.com.br\/index.php?rest_route=\/wp\/v2\/types\/product"}],"replies":[{"embeddable":true,"href":"http:\/\/pedroejulia.com.br\/index.php?rest_route=%2Fwp%2Fv2%2Fcomments&post=17822"}],"wp:featuredmedia":[{"embeddable":true,"href":"http:\/\/pedroejulia.com.br\/index.php?rest_route=\/wp\/v2\/media\/17823"}],"wp:attachment":[{"href":"http:\/\/pedroejulia.com.br\/index.php?rest_route=%2Fwp%2Fv2%2Fmedia&parent=17822"}],"curies":[{"name":"wp","href":"https:\/\/api.w.org\/{rel}","templated":true}]}}