{"id":18044,"date":"2023-03-22T23:01:05","date_gmt":"2023-03-23T02:01:05","guid":{"rendered":"http:\/\/pedroejulia.com.br\/?post_type=product&#038;p=18044"},"modified":"2023-10-18T20:20:24","modified_gmt":"2023-10-18T23:20:24","slug":"fita-de-protecao-mecanica-vitoria-quimica","status":"publish","type":"product","link":"http:\/\/pedroejulia.com.br\/?product=fita-de-protecao-mecanica-vitoria-quimica","title":{"rendered":"Fita de Prote\u00e7\u00e3o Mec\u00e2nica (Vit\u00f3ria Qu\u00edmica)"},"content":{"rendered":"<h2><b>Fun\u00e7\u00e3o<\/b><\/h2>\n<p><span style=\"color: #000000; font-family: Calibri; font-size: medium;\">Auxilia contra corros\u00e3o e promove resist\u00eancia mec\u00e2nica<\/span><\/p>\n<h2><b>Unidades de Medidas<\/b><\/h2>\n<p><span style=\"color: #000000; font-family: Calibri; font-size: medium;\">5CM, 10CM, 15CM, 23CM<\/span><\/p>\n","protected":false},"excerpt":{"rendered":"<p>Fun\u00e7\u00e3o Auxilia contra corros\u00e3o e promove resist\u00eancia mec\u00e2nica Unidades de Medidas 5CM, 10CM, 15CM, 23CM<\/p>\n","protected":false},"featured_media":18045,"comment_status":"open","ping_status":"closed","template":"","meta":[],"class_list":{"0":"post-18044","1":"product","2":"type-product","3":"status-publish","4":"has-post-thumbnail","6":"product_cat-vitoria-quimica","7":"product_cat-fitas-e-primers","9":"first","10":"instock","11":"shipping-taxable","12":"product-type-simple"},"_links":{"self":[{"href":"http:\/\/pedroejulia.com.br\/index.php?rest_route=\/wp\/v2\/product\/18044","targetHints":{"allow":["GET"]}}],"collection":[{"href":"http:\/\/pedroejulia.com.br\/index.php?rest_route=\/wp\/v2\/product"}],"about":[{"href":"http:\/\/pedroejulia.com.br\/index.php?rest_route=\/wp\/v2\/types\/product"}],"replies":[{"embeddable":true,"href":"http:\/\/pedroejulia.com.br\/index.php?rest_route=%2Fwp%2Fv2%2Fcomments&post=18044"}],"wp:featuredmedia":[{"embeddable":true,"href":"http:\/\/pedroejulia.com.br\/index.php?rest_route=\/wp\/v2\/media\/18045"}],"wp:attachment":[{"href":"http:\/\/pedroejulia.com.br\/index.php?rest_route=%2Fwp%2Fv2%2Fmedia&parent=18044"}],"curies":[{"name":"wp","href":"https:\/\/api.w.org\/{rel}","templated":true}]}}