{"id":18113,"date":"2023-03-22T23:55:22","date_gmt":"2023-03-23T02:55:22","guid":{"rendered":"http:\/\/pedroejulia.com.br\/?post_type=product&#038;p=18113"},"modified":"2025-11-08T16:17:41","modified_gmt":"2025-11-08T19:17:41","slug":"joelho-de-reducao-cpvc","status":"publish","type":"product","link":"http:\/\/pedroejulia.com.br\/?product=joelho-de-reducao-cpvc","title":{"rendered":"Joelho de Redu\u00e7\u00e3o CPVC"},"content":{"rendered":"<h2><b>Fun\u00e7\u00e3o<\/b><\/h2>\n<p><span style=\"color: #000000; font-family: Calibri; font-size: medium;\">Unir tubula\u00e7\u00f5es CPVC em 90 graus de medidas diferentes<\/span><\/p>\n<h2><b>Unidades de Medidas<\/b><\/h2>\n<p><span style=\"color: #000000; font-family: Calibri; font-size: medium;\">15&#215;1\/2&#8221; , 22&#215;1\/2&#8221;<\/span><\/p>\n","protected":false},"excerpt":{"rendered":"<p>Fun\u00e7\u00e3o Unir tubula\u00e7\u00f5es CPVC em 90 graus de medidas diferentes Unidades de Medidas 15&#215;1\/2&#8221; , 22&#215;1\/2&#8221;<\/p>\n","protected":false},"featured_media":18114,"comment_status":"open","ping_status":"closed","template":"","meta":[],"class_list":{"0":"post-18113","1":"product","2":"type-product","3":"status-publish","4":"has-post-thumbnail","6":"product_cat-acquaterm-cpvc","8":"first","9":"instock","10":"shipping-taxable","11":"product-type-simple"},"_links":{"self":[{"href":"http:\/\/pedroejulia.com.br\/index.php?rest_route=\/wp\/v2\/product\/18113","targetHints":{"allow":["GET"]}}],"collection":[{"href":"http:\/\/pedroejulia.com.br\/index.php?rest_route=\/wp\/v2\/product"}],"about":[{"href":"http:\/\/pedroejulia.com.br\/index.php?rest_route=\/wp\/v2\/types\/product"}],"replies":[{"embeddable":true,"href":"http:\/\/pedroejulia.com.br\/index.php?rest_route=%2Fwp%2Fv2%2Fcomments&post=18113"}],"wp:featuredmedia":[{"embeddable":true,"href":"http:\/\/pedroejulia.com.br\/index.php?rest_route=\/wp\/v2\/media\/18114"}],"wp:attachment":[{"href":"http:\/\/pedroejulia.com.br\/index.php?rest_route=%2Fwp%2Fv2%2Fmedia&parent=18113"}],"curies":[{"name":"wp","href":"https:\/\/api.w.org\/{rel}","templated":true}]}}